 3*r + 9. Determine j(4).
-11
Let f(a) = a + 4. Suppose 0*h - h - 5*y - 4 = 0, 20 = -5*h - 3*y. Let w be f(h). Suppose -4*v + 6 + 2 = w. Let r(o) = -2*o - 2. Calculate r(v).
-6
Let h(a) = a**3 + 5. Suppose -r + 10 = 4*r. Let j be r/11 + 2/(-11). Let k be h(j). Let n(v) = -2*v + 6. What is n(k)?
-4
Let s = 22 - 18. Let h(l) = l**3 - 3*l**2 - 3*l. Calculate h(s).
4
Let r(d) = -4 + 5 + d**2 - 2*d**2 - 5*d**3. Suppose -4*k + 5 = -9*k. Calculate r(k).
5
Let r(i) = -5*i**2 - i**2 + 3*i**2 + 3 - i**3. Let n(b) = b**3 - 8*b**2 + 7*b + 3. Let s be n(7). Suppose s*g + 2 + 7 = 0. Determine r(g).
3
Suppose -2*d + c - 2 = 0, 2 = -3*d + 4*c - 1. Let s(z) = -5*z**2 + 2*z - 13. Let h(w) = -w**2 + w - 1. Let q(b) = d*s(b) + 6*h(b). Calculate q(6).
-5
Let n(l) = -155*l**3 + 77*l**3 + 79*l**3. Calculate n(1).
1
Let j(r) = 2*r + 9. Let o(w) = -w - 7. Let k(x) = -2*j(x) - 3*o(x). Let l(d) = -d**2 + 4*d. Let t be l(4). What is k(t)?
3
Let x(h) be the third derivative of h**6/120 - h**4/24 - h**3/6 + 5*h**2. Let f(g) = g**3 - g. Let t(z) = 3*f(z) - 2*x(z). Give t(-2).
-4
Suppose 2*w + 14 = 46. Suppose 5*v + 32 = 2*b + b, 4*v = -w. Let a(r) = r - 4. Determine a(b).
0
Let z = 9 + -9. Let n(v) = -3 + 2*v + z*v - 5*v + 2. Determine n(-2).
5
Suppose 0 = h - s, 0 = -0*h + 3*h - 4*s. Let b(q) be the third derivative of -7/6*q**3 - 2*q**2 + h*q + 0 - 1/24*q**4. Determine b(-3).
-4
Let a(m) = 4*m - 7. Let j(q) = -2*q + 5. Let u(z) = -5*a(z) - 8*j(z). Calculate u(4).
-21
Let r = -4 + 4. Suppose 3*t - 18 = 3*p, r - 2 = -2*p - 5*t. Let a(y) = y + 1. Calculate a(p).
-3
Let o = 4 + -1. Suppose -o - 2 = p. Let q(u) = -u**3 - 5*u**2 - 2*u - 5. Give q(p).
5
Let z = 4 + -2. Let a(t) = z*t**2 + 2*t + 1 + 0*t + t**2. Let x be a(-1). Let b(s) = -s + 2. Give b(x).
0
Suppose -5*d + 27 = 4*d. Let k(w) be the second derivative of 0 + w + 1/12*w**4 - 7/6*w**3 + 2*w**2. What is k(d)?
-8
Let y(j) = -j**2 + j - 5. Let h(l) = -l**2 + l - 6. Let c(q) = 4*h(q) - 5*y(q). Let f(w) = -w - 3. Let t be f(-4). What is c(t)?
1
Let k(b) be the first derivative of -b**5/60 - b**4/6 + b**3 + 2. Let s(n) be the third derivative of k(n). What is s(-3)?
2
Let t(k) be the third derivative of -k**5/60 - k**4/4 + 5*k**3/6 - 5*k**2. Suppose w + 3 = -i, -2*i - 4*w = -1 + 3. Determine t(i).
10
Let s(x) be the third derivative of -x**6/720 - x**5/40 - 7*x**4/24 - 2*x**2. Let k(h) be the second derivative of s(h). Determine k(0).
-3
Let z(k) = k**3 + 5 - k + 5*k**3 + 3*k**2 - k - 5*k**3. Give z(-4).
-3
Suppose 0 = -5*o + 15 + 5. Suppose -10 = -o*l + 2. Suppose n - 2*g = -l, -g + 2 = 2*n - 2. Let t(v) = -5*v - 1. Calculate t(n).
-6
Suppose -3*r - 2*r = 25. Let d = r + 6. Let z(f) = -f + d - f - 7 - 1. Determine z(-5).
3
Let b(f) = 2*f - 1. Suppose 0*h + 3 = 3*h - 5*x, -4*h = x + 19. Give b(h).
-9
Let q(t) = -2 - t - 2*t**2 - 3*t + 2*t. Let r(y) be the first derivative of y**2/2 + y - 5. Let g(u) = -q(u) - 3*r(u). Give g(-1).
2
Let x(g) = -5*g**2 + 4*g + 5. Let a(v) = -4*v**2 + 3*v + 4. Suppose 0*w = -3*w - 9. Let d(p) = w*x(p) + 4*a(p). Give d(1).
0
Let w(t) be the first derivative of 2*t**3/3 + 3*t**2/2 - 3*t + 6. Determine w(-3).
6
Let g(u) be the first derivative of -3*u**2/2 - 2*u + 15. Calculate g(-4).
10
Suppose -u = -3*h + 6, 10 = -2*h + 7*h + 2*u. Let g(t) = -3*t + 2*t**2 - t - t**h - 7. Let r(l) = -l**2 - 6*l + 5. Let m be r(-6). What is g(m)?
-2
Let h be (-3)/6*(1 - 7). Let k(s) = 2 + 5 - 5 - s - s**3 + h*s**2 - 2*s. Let y be (-2)/4 - 10/(-4). Give k(y).
0
Let g(a) = a**2 - 3*a + 3. Let c(q) = -q**3 - 8*q**2 - 7*q + 3. Let j = -28 + 18. Let v = 3 + j. Let x be c(v). Determine g(x).
3
Let h be (20/25)/((-4)/(-10)). Let t(z) = z**2 + 3*z - 1. Determine t(h).
9
Let c(k) = k + 8*k**3 + 1 + 0*k**2 + 2*k**2 + 0 - 5*k**3. Calculate c(-2).
-17
Let k(t) = t - 1. Let f be k(5). Let x(y) = -13*y + 25*y - 4 - y**2 - 9*y. Determine x(f).
-8
Let b be (-3)/2*((-160)/(-24))/5. Let i(n) = -3 + 2 - 2 - n. Give i(b).
-1
Let t(c) = c**2 - 2*c + 2. Suppose -2*n = -y - 7, -n - 2*n + y + 10 = 0. Suppose 6 = n*l - 0. Determine t(l).
2
Suppose 3*l - 5*d - 12 = 0, 3*d = 6*d - 9. Let i(n) = -n**3 + 10*n**2 - 11*n + 13. Determine i(l).
-5
Let j = 3 - 4. Let t(k) be the third derivative of 1/6*k**3 + 0 + 3/8*k**4 + 0*k - 2*k**2. Calculate t(j).
-8
Let f(o) = -12*o**3 + 3*o**2 - 4. Let z(y) = 24*y**3 - 7*y**2 + 9. Let k(a) = -7*f(a) - 3*z(a). Give k(-1).
-11
Let g(v) = 9*v**3 + 10*v**2 - 6*v - 7. Let i(b) = 8*b**3 + 9*b**2 - 5*b - 6. Let y(a) = -6*g(a) + 7*i(a). Give y(-2).
-6
Suppose -5*s + 0*q - q = -9, 5*q - 1 = -3*s. Let n(u) = -2 - s + 3*u + 2. Calculate n(3).
7
Let q(z) = -2 + z**2 - 3 - 4 + 6 + z. What is q(-4)?
9
Let w(h) = -3 + 3 - 5 + h**2 - 2 - 7*h. Determine w(8).
1
Let n(v) = -4*v - 3. Let p be n(-2). Suppose p*t + 0*t + 5 = 0, -2*c - 3*t = -1. Let w(j) be the second derivative of j**3/6 - 5*j. Calculate w(c).
2
Let x(o) = 7*o + 10. Let g(j) = -j - 1. Let i(a) = -6*g(a) - x(a). What is i(0)?
-4
Let x be 2/(-8) + 84/16. Let a(i) = 3*i + 5. Let h(g) = 7*g + 11. Let f(u) = 5*a(u) - 2*h(u). Give f(x).
8
Let c(q) = -19 + q**2 + 0*q**2 + 21 + 9*q. Determine c(-9).
2
Let g(w) = 9*w + 5. Let k(b) = -6*b - 3. Let n(j) = 5*g(j) + 7*k(j). Determine n(-4).
-8
Let l(q) = -2*q**3 + 4*q**2 - 3*q + 2. Let c(z) = -7*z**3 + 1 - 10*z**3 + 16*z**3. Let p be c(-1). Calculate l(p).
-4
Suppose -k - 5*k = -3*k. Let m(f) = -f**2 - f - 3. Determine m(k).
-3
Suppose -5*u = -5*h + 25, -u + 0*u + 7 = h. Let p(v) = v. Give p(h).
6
Let z(t) be the first derivative of t**4/4 + t**3/3 - t**2 + 3*t + 5. Determine z(-3).
-9
Suppose 5*i = 2 - 22. Let g(u) = u**3 + 3*u**2 - 6*u - 2. What is g(i)?
6
Suppose -3*d = -2*d - 4. Let x(m) = -2*m - 3. Give x(d).
-11
Let y(a) = a**3 + 3*a**2 - 2*a + 3. Let n = 28 + -32. Calculate y(n).
-5
Let k be -4 - (-10 + 0 + 3). Let u(g) = -g**2 + 3*g. Give u(k).
0
Let t(v) be the second derivative of -2*v - 1/6*v**3 + v**2 + 0. Suppose 3*c - 18 = -5*h, 0 = -h - h. Give t(c).
-4
Let r = -43 + 43. Let w(f) = -2*f**2 - f - 13. Let q(l) = -3*l**2 - 2*l - 25. Let a(p) = -3*q(p) + 5*w(p). Determine a(r).
10
Let h be ((-9)/(-6))/((-3)/(-8)). Suppose -d + 7 = -0*d + h*y, -14 = -4*d - 2*y. Let i(l) = -14*l**2 + 10*l**2 - l**3 + d + 2 + l. Determine i(-4).
1
Suppose -5*w + v = -12, 2*v + 5 = 3*w - 5. Let n(s) = 2*s - 5. Let j(x) = x - 2. Let o(k) = 5*j(k) - 2*n(k). Give o(w).
2
Let v(a) be the third derivative of a**4/24 - 3*a**3/2 + 13*a**2. Suppose -4*t + 11 + 9 = 0. Calculate v(t).
-4
Let l(v) be the second derivative of 0*v**2 + 0 + 1/20*v**5 + 5/6*v**3 - 2*v - 1/2*v**4. Let q = -3 + 8. Give l(q).
0
Let q(n) = n**2 + 6*n. Let t be ((-12)/10)/((-6)/20). Suppose 4*g + 51 = -4*i + 19, t*g - 4*i = -8. Calculate q(g).
-5
Let h(z) = -2*z**3 - 2*z**2 + z - 2. Suppose 0*r + 3*i + 3 = -3*r, 0 = -r - 2*i - 4. Calculate h(r).
-24
Let y(d) = -d**2 - 9*d. Let k be y(-9). Let c = k + -3. Let j be 10/3*c/(-2). Let o(b) = -b**3 + 4*b**2 + 4*b - 2. Determine o(j).
-7
Let m(t) be the first derivative of -1 + 4/3*t**3 + 5*t + 1/4*t**4 - 5/2*t**2. Give m(-5).
5
Suppose -5*v + 5 = 2*a + 3, 0 = v + 5*a - 5. Let y(h) be the first derivative of -2 - 1/4*h**4 + 4*h - 1/2*h**2 - 1/3*h**3. Give y(v).
4
Let v(o) = -7*o**2 + 3*o + 4. Let q(x) = x**2 - x - 1. Let j(p) = -6*q(p) - v(p). What is j(-3)?
2
Let n(c) = c + 7. Let b be n(-5). Let q(w) = b - 5*w - 2 + 1 + 0. Let z be ((-3)/6)/(1/2). Give q(z).
6
Let t(i) = -2*i - 2. Let x = 11 + -9. Give t(x).
-6
Let j(l) = 14*l**2 - 4*l + 4. Let f(a) = a**2 + a - 1. Let p(r) = 3*f(r) + j(r). Determine p(1).
17
Let g(d) = d**2 - 3*d - 4. Let v = -5 - -9. Suppose -s = v*s. Suppose 5*t + 6*b - 5*b - 19 = s, -4*b + 25 = 3*t. What is g(t)?
-4
Suppose -4*t - 20 = 4. Let o(c) = c + 7. Give o(t).
1
Let b(g) be the third derivative of g**9/60480 - g**8/20160 - g**7/5040 + g**6/144 - g**5/12 + 3*g**2. Let a(h) be the third derivative of b(h). Determine a(0).
5
Let y = -5 - 1. Let r be -3*3/(-9) - -3. Let i(g) = 3*g + 7 - r*g + 2*g + 4. What is i(y)?
5
Let w = 12 + -5. Let m(p) = p**3 - 8*p**2 + 7*p - 2. Give m(w).
-2
Let h(c) = c**3 - 3*c**2 + 2*c - 3. Let v be 2 + 0/(2 + -1). Suppose -11 = -k - v*y, 4*k + y - 37 = -k. Let u(x) = -x + 10. Let a be u(k). What is h(a)?
3
Let i(p) = p + 9. Let c be i(-9). Let h = 3 - c. Let t(l) = 